{"id":136,"date":"2017-03-27T07:50:42","date_gmt":"2017-03-27T05:50:42","guid":{"rendered":"http:\/\/malzirkel.34u.de\/?page_id=136"},"modified":"2025-01-23T07:41:11","modified_gmt":"2025-01-23T06:41:11","slug":"kontakt","status":"publish","type":"page","link":"https:\/\/www.zeichenzirkelpirna.de\/index.php\/kontakt\/","title":{"rendered":"Kontakt"},"content":{"rendered":"\n<p><strong>Bei Interesse an einer Mitgliedschaft und weiteren Fragen den Mal- und Zeichenzirkel betreffend wenden Sie sich an unseren Vereinsvorsitzenden Thomas Hauthal<\/strong><strong>: +49175\/1987906 oder an den k\u00fcnstlerischen Leiter Detlef Schweiger: +49176\/41846124.<\/strong><\/p>\n\n\n\n<p><strong>&nbsp;Anschrift:&nbsp;<\/strong><strong>Mal- und Zeichenzirkel\/Pirna-Sonnenstein e.V.; Hinterhaus der Stadtbibliothek Pirna;&nbsp;<\/strong><strong>Dohnaische Stra\u00dfe 76,&nbsp;<\/strong><strong>01796 Pirna<\/strong><\/p>\n\n\n\n<p><strong>\n<div class=\"wpcf7 no-js\" id=\"wpcf7-f207-o1\" lang=\"de-DE\" dir=\"ltr\" data-wpcf7-id=\"207\">\n<div class=\"screen-reader-response\"><p role=\"status\" aria-live=\"polite\" aria-atomic=\"true\"><\/p> <ul><\/ul><\/div>\n<form action=\"\/index.php\/wp-json\/wp\/v2\/pages\/136#wpcf7-f207-o1\" method=\"post\" class=\"wpcf7-form init wpcf7-acceptance-as-validation\" aria-label=\"Kontaktformular\" novalidate=\"novalidate\" data-status=\"init\">\n<fieldset class=\"hidden-fields-container\"><input type=\"hidden\" name=\"_wpcf7\" value=\"207\" \/><input type=\"hidden\" name=\"_wpcf7_version\" value=\"6.1.5\" \/><input type=\"hidden\" name=\"_wpcf7_locale\" value=\"de_DE\" \/><input type=\"hidden\" name=\"_wpcf7_unit_tag\" value=\"wpcf7-f207-o1\" \/><input type=\"hidden\" name=\"_wpcf7_container_post\" value=\"0\" \/><input type=\"hidden\" name=\"_wpcf7_posted_data_hash\" value=\"\" \/>\n<\/fieldset>\n<p><label> Ihr Name (Pflichtfeld)<br \/>\n<span class=\"wpcf7-form-control-wrap\" data-name=\"your-name\"><input size=\"40\" maxlength=\"400\" class=\"wpcf7-form-control wpcf7-text wpcf7-validates-as-required\" aria-required=\"true\" aria-invalid=\"false\" value=\"\" type=\"text\" name=\"your-name\" \/><\/span> <\/label>\n<\/p>\n<p><label> Ihre E-Mail-Adresse (Pflichtfeld)<br \/>\n<span class=\"wpcf7-form-control-wrap\" data-name=\"your-email\"><input size=\"40\" maxlength=\"400\" class=\"wpcf7-form-control wpcf7-email wpcf7-validates-as-required wpcf7-text wpcf7-validates-as-email\" aria-required=\"true\" aria-invalid=\"false\" value=\"\" type=\"email\" name=\"your-email\" \/><\/span> <\/label>\n<\/p>\n<p><label> Ihre Telefonnummer<br \/>\n<span class=\"wpcf7-form-control-wrap\" data-name=\"telefon\"><input size=\"40\" maxlength=\"400\" class=\"wpcf7-form-control wpcf7-text\" aria-invalid=\"false\" value=\"\" type=\"text\" name=\"telefon\" \/><\/span> <\/label>\n<\/p>\n<p><label> Betreff (Pflichtfeld)<br \/>\n<span class=\"wpcf7-form-control-wrap\" data-name=\"your-subject\"><input size=\"40\" maxlength=\"400\" class=\"wpcf7-form-control wpcf7-text wpcf7-validates-as-required\" aria-required=\"true\" aria-invalid=\"false\" value=\"\" type=\"text\" name=\"your-subject\" \/><\/span> <\/label>\n<\/p>\n<p><label> Ihre Nachricht (Pflichtfeld)<br \/>\n<span class=\"wpcf7-form-control-wrap\" data-name=\"your-message\"><textarea cols=\"40\" rows=\"10\" maxlength=\"2000\" class=\"wpcf7-form-control wpcf7-textarea wpcf7-validates-as-required\" aria-required=\"true\" aria-invalid=\"false\" name=\"your-message\"><\/textarea><\/span> <\/label>\n<\/p>\n<p><span class=\"wpcf7-form-control-wrap\" data-name=\"acceptance-582\"><span class=\"wpcf7-form-control wpcf7-acceptance\"><span class=\"wpcf7-list-item\"><label><input type=\"checkbox\" name=\"acceptance-582\" value=\"1\" aria-invalid=\"false\" \/><span class=\"wpcf7-list-item-label\">Bitte stimmen Sie unseren Nutzungsbestimmungen sowie unserer Datenschutzerkl\u00e4rung zu.<\/span><\/label><\/span><\/span><\/span><br \/>\nWir verwenden Ihre Daten ausschlie\u00dflich, um Ihre Anfragen zu bearbeiten. Das Kontaktformular \u00fcbermittelt uns alle Daten, die Sie eingegeben haben. Ihre Daten werden nicht an Dritte weitergegeben. Ihre E-Mail wird jedoch zusammen mit Ihren Angaben auf unbestimmte Zeit auf unserem E-Mail-Server gespeichert. Sofern Sie es w\u00fcnschen, k\u00f6nnen Sie von uns Auskunft erhalten, welche Daten wir von Ihnen gespeichert haben. Diese Daten k\u00f6nnen Sie auch l\u00f6schen lassen, sofern keine Nachweis- oder Aufbewahrungspflichten dagegen sprechen. F\u00fcr weitere Informationen lesen Sie bitte unsere <a href=\"https:\/\/www.zeichenzirkelpirna.de\/index.php\/datenschutzerklaerung\/\" target=\"_blank\">Datenschutzerkl\u00e4rung<\/a>.\n<\/p>\n<p><span class=\"wpcf7-form-control-wrap\" data-name=\"quiz-9\"><label><span class=\"wpcf7-quiz-label\">Wie hei\u00dft die Landeshautstadt von Sachsen?<\/span> <input size=\"40\" class=\"wpcf7-form-control wpcf7-quiz\" autocomplete=\"off\" aria-required=\"true\" aria-invalid=\"false\" type=\"text\" name=\"quiz-9\" \/><\/label><input type=\"hidden\" name=\"_wpcf7_quiz_answer_quiz-9\" value=\"410667e770a6f4a2a9a31e059bacaebc\" \/><\/span><br \/>\n<label>Bitte setzen Sie Ihre Antwort in (runde) Klammern.<\/label>\n<\/p>\n<p><input class=\"wpcf7-form-control wpcf7-submit has-spinner\" type=\"submit\" value=\"Senden\" \/>\n<\/p><div class=\"wpcf7-response-output\" aria-hidden=\"true\"><\/div>\n<\/form>\n<\/div>\n<\/strong><\/p>\n\n\n\n<p><strong>Diese Webseite wurde erstellt von:\u00a0<\/strong><strong>Diplomrestauratorin Stefanie Matthes, Schlegelweg 2A, 01796 Pirna<\/strong><\/p>\n\n\n\n<p><strong>Im Falle von wettbewerbsrechtlichen, domainrechtlichen, urheberrechtlichen oder \u00e4hnlichen Problemen bitten wir Sie, uns zu kontaktieren um unn\u00f6tigen Rechtsstreit zu vermeiden. F\u00fcr Sch\u00e4den materieller oder ideeller Art, die sich aus der Nutzung der hier ver\u00f6ffentlichten Daten ergebenen, \u00fcbernehmen wir keine Haftung.<\/strong><\/p>\n","protected":false},"excerpt":{"rendered":"<p>Bei Interesse an einer Mitgliedschaft und weiteren Fragen den Mal- und Zeichenzirkel betreffend wenden Sie sich an unseren Vereinsvorsitzenden Thomas Hauthal: +49175\/1987906 oder an den k\u00fcnstlerischen Leiter Detlef Schweiger: +49176\/41846124. &nbsp;Anschrift:&nbsp;Mal- und Zeichenzirkel\/Pirna-Sonnenstein e.V.; Hinterhaus der Stadtbibliothek Pirna;&nbsp;Dohnaische Stra\u00dfe 76,&nbsp;01796 Pirna Diese Webseite wurde erstellt von:\u00a0Diplomrestauratorin Stefanie Matthes, Schlegelweg 2A, 01796 Pirna Im Falle von [&hellip;]<\/p>\n","protected":false},"author":2,"featured_media":0,"parent":0,"menu_order":7,"comment_status":"closed","ping_status":"closed","template":"","meta":{"footnotes":""},"class_list":["post-136","page","type-page","status-publish","hentry"],"blocksy_meta":[],"_links":{"self":[{"href":"https:\/\/www.zeichenzirkelpirna.de\/index.php\/wp-json\/wp\/v2\/pages\/136","targetHints":{"allow":["GET"]}}],"collection":[{"href":"https:\/\/www.zeichenzirkelpirna.de\/index.php\/wp-json\/wp\/v2\/pages"}],"about":[{"href":"https:\/\/www.zeichenzirkelpirna.de\/index.php\/wp-json\/wp\/v2\/types\/page"}],"author":[{"embeddable":true,"href":"https:\/\/www.zeichenzirkelpirna.de\/index.php\/wp-json\/wp\/v2\/users\/2"}],"replies":[{"embeddable":true,"href":"https:\/\/www.zeichenzirkelpirna.de\/index.php\/wp-json\/wp\/v2\/comments?post=136"}],"version-history":[{"count":13,"href":"https:\/\/www.zeichenzirkelpirna.de\/index.php\/wp-json\/wp\/v2\/pages\/136\/revisions"}],"predecessor-version":[{"id":3857,"href":"https:\/\/www.zeichenzirkelpirna.de\/index.php\/wp-json\/wp\/v2\/pages\/136\/revisions\/3857"}],"wp:attachment":[{"href":"https:\/\/www.zeichenzirkelpirna.de\/index.php\/wp-json\/wp\/v2\/media?parent=136"}],"curies":[{"name":"wp","href":"https:\/\/api.w.org\/{rel}","templated":true}]}}