{"id":158,"date":"2017-03-27T09:35:56","date_gmt":"2017-03-27T07:35:56","guid":{"rendered":"http:\/\/malzirkel.34u.de\/?page_id=158"},"modified":"2024-06-08T09:49:42","modified_gmt":"2024-06-08T07:49:42","slug":"e-v","status":"publish","type":"page","link":"https:\/\/www.zeichenzirkelpirna.de\/index.php\/e-v\/","title":{"rendered":"Verein"},"content":{"rendered":"<p><strong>Der Mal- und Zeichenzirkel\/Pirna-Sonnenstein e.V. ist eine gemeinn\u00fctzige K\u00f6rperschaft und als solche beim Finanzamt anerkannt.<\/strong><\/p>\n<p><strong>Unser Mitgliedsbeitrag betr\u00e4gt pro Jahr 200 \u20ac (erm\u00e4\u00dfigt 60 \u20ac f\u00fcr Sch\u00fcler und Studenten), <\/strong><strong>wobei die Zahlung auch halb- oder\u00a0<\/strong><strong style=\"font-size: revert;\">viertelj\u00e4hrlich erfolgen kann.\u00a0<\/strong><\/p>\n<p><strong>Interessieren Sie sich f\u00fcr eine\u00a0Mitgliedschaft in unserem Zirkel? Dann\u00a0nehmen Sie gern\u00a0<a href=\"https:\/\/www.zeichenzirkelpirna.de\/index.php\/kontakt\/\">Kontakt <\/a>mit uns auf.\u00a0Es gibt die M\u00f6glichkeit f\u00fcr 4-6 Wochen bei uns zu &#8222;schnuppern&#8220;, wobei darauf kein Rechtsanspruch\u00a0besteht.<\/strong><\/p>\n","protected":false},"excerpt":{"rendered":"<p>Der Mal- und Zeichenzirkel\/Pirna-Sonnenstein e.V. ist eine gemeinn\u00fctzige K\u00f6rperschaft und als solche beim Finanzamt anerkannt. Unser Mitgliedsbeitrag betr\u00e4gt pro Jahr 200 \u20ac (erm\u00e4\u00dfigt 60 \u20ac f\u00fcr Sch\u00fcler und Studenten), wobei die Zahlung auch halb- oder\u00a0viertelj\u00e4hrlich erfolgen kann.\u00a0 Interessieren Sie sich f\u00fcr eine\u00a0Mitgliedschaft in unserem Zirkel? Dann\u00a0nehmen Sie gern\u00a0Kontakt mit uns auf.\u00a0Es gibt die M\u00f6glichkeit f\u00fcr [&hellip;]<\/p>\n","protected":false},"author":2,"featured_media":0,"parent":0,"menu_order":6,"comment_status":"closed","ping_status":"closed","template":"","meta":{"footnotes":""},"class_list":["post-158","page","type-page","status-publish","hentry"],"blocksy_meta":[],"_links":{"self":[{"href":"https:\/\/www.zeichenzirkelpirna.de\/index.php\/wp-json\/wp\/v2\/pages\/158","targetHints":{"allow":["GET"]}}],"collection":[{"href":"https:\/\/www.zeichenzirkelpirna.de\/index.php\/wp-json\/wp\/v2\/pages"}],"about":[{"href":"https:\/\/www.zeichenzirkelpirna.de\/index.php\/wp-json\/wp\/v2\/types\/page"}],"author":[{"embeddable":true,"href":"https:\/\/www.zeichenzirkelpirna.de\/index.php\/wp-json\/wp\/v2\/users\/2"}],"replies":[{"embeddable":true,"href":"https:\/\/www.zeichenzirkelpirna.de\/index.php\/wp-json\/wp\/v2\/comments?post=158"}],"version-history":[{"count":10,"href":"https:\/\/www.zeichenzirkelpirna.de\/index.php\/wp-json\/wp\/v2\/pages\/158\/revisions"}],"predecessor-version":[{"id":3800,"href":"https:\/\/www.zeichenzirkelpirna.de\/index.php\/wp-json\/wp\/v2\/pages\/158\/revisions\/3800"}],"wp:attachment":[{"href":"https:\/\/www.zeichenzirkelpirna.de\/index.php\/wp-json\/wp\/v2\/media?parent=158"}],"curies":[{"name":"wp","href":"https:\/\/api.w.org\/{rel}","templated":true}]}}