{"id":41,"date":"2017-03-24T17:07:57","date_gmt":"2017-03-24T16:07:57","guid":{"rendered":"http:\/\/malzirkel.34u.de\/?page_id=41"},"modified":"2025-12-04T13:15:59","modified_gmt":"2025-12-04T12:15:59","slug":"ueber-uns","status":"publish","type":"page","link":"https:\/\/www.zeichenzirkelpirna.de\/index.php\/ueber-uns\/","title":{"rendered":"\u00dcber den Verein"},"content":{"rendered":"\n<p class=\"has-palette-color-4-color has-text-color has-link-color wp-elements-e84c2942f0be1edf49719a3692aa8207\"><strong>Herzlich willkommen auf der Internetseite des Mal- und Zeichenzirkels\/ Pirna-Sonnenstein e.V.<\/strong><\/p>\n\n\n\n<p><\/p>\n\n\n\n<figure class=\"wp-block-image aligncenter is-resized\"><img loading=\"lazy\" decoding=\"async\" width=\"300\" height=\"136\" src=\"https:\/\/www.zeichenzirkelpirna.de\/wp-content\/uploads\/2017\/03\/in-Arbeit-300x136.jpg\" alt=\"\" class=\"wp-image-261\" style=\"width:353px;height:auto\" srcset=\"https:\/\/www.zeichenzirkelpirna.de\/wp-content\/uploads\/2017\/03\/in-Arbeit-300x136.jpg 300w, https:\/\/www.zeichenzirkelpirna.de\/wp-content\/uploads\/2017\/03\/in-Arbeit-768x348.jpg 768w, https:\/\/www.zeichenzirkelpirna.de\/wp-content\/uploads\/2017\/03\/in-Arbeit-1024x464.jpg 1024w\" sizes=\"auto, (max-width: 300px) 100vw, 300px\" \/><\/figure>\n\n\n\n<p><\/p>\n\n\n\n<p>Der Verein \u201eMal- und Zeichenzirkel Pirna-Sonnenstein e. V.\u201c wurde 1991 gegr\u00fcndet.<\/p>\n\n\n\n<p>Die k\u00fcnstlerische Leitung obliegt seit 2006 Detlef Schweiger (*1958 | Maler, Grafiker, Musiker, Performer und Multimediak\u00fcnstler). Der Focus der Zirkelarbeit ist auf eine intensive Auseinandersetzung mit k\u00fcnstlerischen Themen \u00fcber einen langen Zeitraum gerichtet. Dabei k\u00f6nnen verschiedenste grafische Techniken genutzt und erprobt werden. Es werden Collagen und Monotypien erstellt, es wird gezeichnet und gemalt, Linoldrucke werden geschnitten und gedruckt<em>. <\/em><\/p>\n\n\n\n<p><em>Die Vereinsmitglieder treffen sich <\/em><strong><em><br><br>jeden Montag 16.45 Uhr\/17.00 Uhr<br>vor der Stadtbibliothek Pirna,<br>Dohnaische Str. 76,\u00a0<\/em><\/strong><\/p>\n\n\n\n<p>um dann gemeinsam in den Zirkelr\u00e4umen, die sich im Hinterhaus der Bibliothek befinden, zu arbeiten. In der warmen Jahreszeit wird im Freien gemalt und gezeichnet. Man trifft sich in der Natur, in der Pirnaer Innenstadt, am Elbufer oder in der Umgebung des Pirnaer Schlosses auf dem Sonnenstein.<\/p>\n\n\n\n<p>In der Zeit von 1966 bis 2006 oblag die k\u00fcnstlerische Leitung des Zirkels Klaus Drechsler (*1940 | Maler und Grafiker). Anfang der 1990er Jahre initiierte er die&nbsp;<\/p>\n\n\n\n<p><strong><em>Vortragsreihe \u201eMeilensteine der Kunstgeschichte\u201c,&nbsp;<\/em><\/strong><\/p>\n\n\n\n<p>die bis heute festen Bestand im Vereinsleben hat. Einmal im Monat (am letzten Montag des Monats) findet ein Vortrag statt. Kunstgeschichte, K\u00fcnstlerbiografien, Kunstepochen oder -Stilrichtungen sind Themen der Vortragsreihe. Erarbeitet und organisiert wird diese Veranstaltung seit vielen Jahren von Thomas Hauthal, dem Vorsitzenden des Vereines. Die Vortr\u00e4ge sind \u00f6ffentlich und aus dem kulturellen Leben der Stadt Pirna nicht mehr wegzudenken. Veranstaltungsort sind in der Regel die R\u00e4ume des Vereins \u201eKuratorium Altstadt Pirna e. V.\u201c.<\/p>\n\n\n\n<p><strong><em>Das Programm zur Vortragsreihe ist auf unserer Web-Seite einzusehen.<\/em><\/strong><\/p>\n\n\n\n<p>Damals wie heute leistet der Verein nicht nur durch die Vortragsreihe einen kulturellen Beitrag zum Stadtleben. Der Verein beteiligt sich dar\u00fcber hinaus jedes Jahr mit einer gro\u00dfen Ausstellung der neu entstandenen Arbeiten am Pirnaer \u201eTag der Kunst\u201c.<\/p>\n\n\n\n<p>Im Moment z\u00e4hlt der Verein 20 Mitglieder.<\/p>\n","protected":false},"excerpt":{"rendered":"<p>Herzlich willkommen auf der Internetseite des Mal- und Zeichenzirkels\/ Pirna-Sonnenstein e.V. Der Verein \u201eMal- und Zeichenzirkel Pirna-Sonnenstein e. V.\u201c wurde 1991 gegr\u00fcndet. Die k\u00fcnstlerische Leitung obliegt seit 2006 Detlef Schweiger (*1958 | Maler, Grafiker, Musiker, Performer und Multimediak\u00fcnstler). Der Focus der Zirkelarbeit ist auf eine intensive Auseinandersetzung mit k\u00fcnstlerischen Themen \u00fcber einen langen Zeitraum gerichtet. [&hellip;]<\/p>\n","protected":false},"author":2,"featured_media":0,"parent":0,"menu_order":2,"comment_status":"closed","ping_status":"closed","template":"","meta":{"footnotes":""},"class_list":["post-41","page","type-page","status-publish","hentry"],"blocksy_meta":[],"_links":{"self":[{"href":"https:\/\/www.zeichenzirkelpirna.de\/index.php\/wp-json\/wp\/v2\/pages\/41","targetHints":{"allow":["GET"]}}],"collection":[{"href":"https:\/\/www.zeichenzirkelpirna.de\/index.php\/wp-json\/wp\/v2\/pages"}],"about":[{"href":"https:\/\/www.zeichenzirkelpirna.de\/index.php\/wp-json\/wp\/v2\/types\/page"}],"author":[{"embeddable":true,"href":"https:\/\/www.zeichenzirkelpirna.de\/index.php\/wp-json\/wp\/v2\/users\/2"}],"replies":[{"embeddable":true,"href":"https:\/\/www.zeichenzirkelpirna.de\/index.php\/wp-json\/wp\/v2\/comments?post=41"}],"version-history":[{"count":30,"href":"https:\/\/www.zeichenzirkelpirna.de\/index.php\/wp-json\/wp\/v2\/pages\/41\/revisions"}],"predecessor-version":[{"id":3976,"href":"https:\/\/www.zeichenzirkelpirna.de\/index.php\/wp-json\/wp\/v2\/pages\/41\/revisions\/3976"}],"wp:attachment":[{"href":"https:\/\/www.zeichenzirkelpirna.de\/index.php\/wp-json\/wp\/v2\/media?parent=41"}],"curies":[{"name":"wp","href":"https:\/\/api.w.org\/{rel}","templated":true}]}}