{"id":60,"date":"2017-03-25T16:16:32","date_gmt":"2017-03-25T15:16:32","guid":{"rendered":"http:\/\/malzirkel.34u.de\/?page_id=60"},"modified":"2026-01-19T15:32:27","modified_gmt":"2026-01-19T14:32:27","slug":"kalendervortraege","status":"publish","type":"page","link":"https:\/\/www.zeichenzirkelpirna.de\/index.php\/kalendervortraege\/","title":{"rendered":"Vortragsreihe"},"content":{"rendered":"\n<p><strong>Meilensteine der Kunstgeschichte &#8211; Eine Vortragsreihe des \u201eMal- und Zeichenzirkel\/Pirna Sonnenstein e.V.\u201c<\/strong><\/p>\n\n\n\n<p>Mit freundlicher Unterst\u00fctzung der Gro\u00dfen Kreisstadt Pirna sowie dem<br>Verein \u201eKuratorium Pirna Altstadt e.V.\u201c<\/p>\n\n\n\n<p>Die Vortr\u00e4ge finden im Veranstaltungsraum des Vereins \u201eKuratorium Pirna Altstadt e.V.\u201c Kirchplatz 10, 01796 Pirna, jeweils 18.00 Uhr statt.<\/p>\n\n\n\n<p><strong>2026<\/strong><\/p>\n\n\n\n<p><strong>Montag, den 23. Februar 2026<\/strong><\/p>\n\n\n\n<p>Dr. Axel Sch\u00f6ne (Dresden)<\/p>\n\n\n\n<p><strong><em>\u201eAntikensehnsucht und Weltentdeckung in der Kunst der Renaissance\u201c<\/em><\/strong><\/p>\n\n\n\n<p><em>Besonders seit dem 15. Jahrhundert greifen K\u00fcnstler gern auf die Ideenwelt und das wiederentdeckte Formengut der Antike zur\u00fcck. Ausdruck einer neuen Diesseitigkeit ist au\u00dferdem die Darstellung von K\u00f6rpern im Raum, von Perspektive und Ma\u00df.<\/em><\/p>\n\n\n\n<p><\/p>\n\n\n\n<p><strong>Montag, den 30. M\u00e4rz 2026<\/strong><\/p>\n\n\n\n<p>Dr. J\u00f6rdis Lademann (Dresden)<\/p>\n\n\n\n<p><strong><em>\u201ePr\u00e4senz Dresden &#8211; Teil II\u201c<\/em><\/strong><\/p>\n\n\n\n<p><em>K\u00fcnstler der mittleren Generation<\/em><\/p>\n\n\n\n<p><\/p>\n\n\n\n<p><strong>Montag, den 27. April 2026<\/strong><\/p>\n\n\n\n<p>Dr. Anke Fr\u00f6hlich-Schauseil (Dresden)&nbsp;<\/p>\n\n\n\n<p><strong><em>\u201eBilder der Arbeit\u201c<\/em><\/strong><\/p>\n\n\n\n<p><em>Im Computerzeitalter sind Bilder k\u00f6rperlich arbeitender Menschen in der bildenden Kunst eher selten. Das war im20. Jahrhundert noch ganz anders. Speziell nach 1945 geh\u00f6rte es zum Selbstverst\u00e4ndnis in der damaligen SBZ sowie in der DDR die Arbeitswelt und die Arbeiter auch kulturell in den Mittelpunkt zu r\u00fccken und zum Inhalt von Kunstwerken zu machen.<\/em><\/p>\n\n\n\n<p><\/p>\n\n\n\n<p><strong>Montag, den 26. Oktober 2026<\/strong><\/p>\n\n\n\n<p>Dr. Teresa Ende (Dresden)<\/p>\n\n\n\n<p><strong><em>\u201eThe artist is present &#8211; Zur Frage der k\u00fcnstlerischen Selbstinszinierung bei Neo Rauch\u201c<\/em><\/strong><\/p>\n\n\n\n<p><em>In dem Vortrag geht es nicht darum Spekulationen \u00fcber Neo Rauchs Seelenzustand anzustellen, oder die Einheit von K\u00fcnstlerpersona und Werk zu behaupten. Im Gegenteil, es gilt zu fragen, welches K\u00fcnstlerbild und -selbstverst\u00e4ndnis bzw. welches Bild vom sch\u00f6pferischen Menschen seine Arbeiten vermitteln.<\/em><\/p>\n\n\n\n<p><\/p>\n\n\n\n<p><strong>Montag, den 30. November&nbsp; 2026<\/strong><\/p>\n\n\n\n<p>Christian Schuffels (Dresden)<\/p>\n\n\n\n<p><strong><em>\u201eZwischen Trauergefolge und Weltgericht &#8211; Fig\u00fcrliche Grabm\u00e4ler des 12. Jahrhunderts aus Hildesheim\u201c<\/em><\/strong><\/p>\n\n\n\n<p><em>Im Kreuzgang der Hildesheimer Kathedrale hat sich das h\u00f6chst bemerkenswerte Grabmal eines hohen Geistlichen und Domherrn erhalten. Das Monument ist einzigartig in seiner Zeit. Seine erz\u00e4hlfreudigen Bildreliefs und aufschlussreichen Inschriften f\u00fcgen sich zu einem sinnreichen Programm zusammen, das sich aus der reichen Tradition der europ\u00e4ischen Grabskulptur erkl\u00e4rt, aber auch auf die Person des Dargestellten und dessen Wirken verweist .<\/em><\/p>\n\n\n\n<p><\/p>\n\n\n\n<p><strong>Sonderveranstaltungen:<\/strong><\/p>\n\n\n\n<p><strong>HfBK &#8211; Dresden<\/strong><\/p>\n\n\n\n<p><strong>Freitag, den 28. August 2026, 16.30 Uhr<\/strong><\/p>\n\n\n\n<p><strong><em>\u201eDiplomanden &#8211; Ausstellung der Hochschule f\u00fcr Bildende K\u00fcnste Dresden\u201c<\/em><\/strong><\/p>\n\n\n\n<p><em>Eine F\u00fchrung mit Detlef Schweiger (Dresden)<\/em><\/p>\n\n\n\n<p><em>Der K\u00fcnstlerische Leiter des Mal- und Zeichenzirkels, der auch als Mentor f\u00fcr Studenten und junge Absolventen der HfBK t\u00e4tig ist, stellt die Exponate der Diplomanden &#8211; Austellung vor und erl\u00e4utert dabei die k\u00fcnstlerische und technische Spezifik der Werke.<\/em><\/p>\n\n\n\n<p><em>Treffpunkt: Haupteingang der HfBK, Br\u00fchlsche Terrasse, Dauer ca. 90 Minuten<\/em><\/p>\n\n\n\n<p><\/p>\n\n\n\n<p><strong>Skulpturensommer 2026<\/strong><\/p>\n\n\n\n<p><strong><em>Montag, den 21. September 2026, 16.30 Uhr<\/em><\/strong><\/p>\n\n\n\n<p><strong><em>\u201eDazwischen\u201c<\/em><\/strong><\/p>\n\n\n\n<p><em>In den Festungsanlagen des Schlosses Pirna &#8211; Sonnenstein werden Arbeite von tschechischen und deutschen BildhauerInnen zu sehen sein, die uns einladen, in Da-Zwischen-Reiche einzutauchen, mal im Betrachten, manchmal auch durch eigenes Mittun.<\/em><\/p>\n\n\n\n<p><em>Treffpunkt: Schlossterrasse Pirna-Sonnenstein, Dauer ca. 90 Minuten \/ Eintritt<\/em><\/p>\n\n\n\n<p><\/p>\n\n\n\n<p><strong>2025<\/strong><\/p>\n\n\n\n<p><strong>Montag, 24. Februar 2025<br><\/strong>Dr. Christian Schuffels (Dresden)<\/p>\n\n\n\n<p><em>Buchkunst und K\u00f6nigtum<br><br>\u201eDie deutschen Herrscher des Hohen Mittelalters in Bildern ihrer Zeit\u201c<br>Bildnisse von K\u00f6nigen und Kaisern in den Buchmalereien deutscher Handschriften des 10. bis 12. Jahrhunderts sind Spitzenprodukte&nbsp;europ\u00e4ischer Kunst und werfen ein helles Licht auf das Selbstverst\u00e4ndnis herrschender Eliten dieser Zeit.<\/em><\/p>\n\n\n\n<p><strong>Montag, 31. M\u00e4rz 2025<br><\/strong>Dr. J\u00f6rdis Lademann (Dresden)<\/p>\n\n\n\n<p><em>\u201ePr\u00e4senz Dresden<\/em><strong><em> &#8211; <\/em><\/strong><em>21 K\u00fcnstler der mittleren Generation\u201c<\/em><\/p>\n\n\n\n<p><strong>Montag, 28. April 2025<br><\/strong>Dr. Johannes Schmidt (Dresden)<\/p>\n\n\n\n<p><em>\u201eMeine Tendenz ist die der Wahrheit &#8211; Otto Griebel (1895-1972)\u201c<br>Satire, Politik und Kriegserinnerungen in den 1920er Jahren<\/em><\/p>\n\n\n\n<p><strong>Montag, 27. Oktober 2025<br><\/strong>Dr. Teresa Ende (Dresden)<\/p>\n\n\n\n<p><em>\u201eAuf verlorenem Posten?\u201c<br>Zur Rezeption Ernst Barlachs (1870-1938) in Ost und West<\/em><\/p>\n\n\n\n<p><strong>Montag, 24. November 2025<br><\/strong>Dr. Axel Sch\u00f6ne (Dresden)<\/p>\n\n\n\n<p><em>\u201eVom Eindruck zum Ausdruck \u2013 Die fr\u00fche Moderne (1870 \u2013 1914)\u201c<\/em><\/p>\n\n\n\n<p><em>Ein Streifzug stellt Meisterwerke der franz\u00f6sischen Malerei von der&nbsp;Schule von Barbizon \u00fcber Monet bis Matisse vor, ebenso den&nbsp;Expressionismus der \u201eFauves\u201c und Br\u00fccke-Maler<\/em><\/p>\n\n\n\n<p><strong><em>SONDERVERANSTALTUNGEN:<\/em><\/strong><\/p>\n\n\n\n<p><strong>Freitag, 29. August 2025 \u2013 16.30 Uhr<\/strong><\/p>\n\n\n\n<p><em>\u201eOSTRALE 025\u201c<\/em><\/p>\n\n\n\n<p>Die Dresdner Biennale, eine der gr\u00f6\u00dften tempor\u00e4ren Ausstellungen Deutschlands, hat zahlreiche internationale K\u00fcnstler eingeladen, die mit innovativen Beitr\u00e4gen auch auf die problematische Weltlage reagieren.&nbsp;<br>Detlef Schweiger, Beiratsmitglied der OSTRALE, wird das&nbsp;aktuelle Ausstellungskonzept an ausgew\u00e4hlten Werken vorstellen.<\/p>\n\n\n\n<p>Treffpunkt: ROBOTRON-Kantine<\/p>\n\n\n\n<p>Zinzendorfstra\u00dfe 5, 01069 Dresden<\/p>\n\n\n\n<p>(Dauer ca. 90 Minuten \/ Eintritt)<\/p>\n\n\n\n<p><strong>Montag, 29. September 2025 \u2013 17.00 Uhr<\/strong><\/p>\n\n\n\n<p><em>\u201eSkulpturensommer 2025 \u2013 RESONANZ\u201c<\/em><\/p>\n\n\n\n<p>Skulpturen von tschechischen und deutschen K\u00fcnstlerInnen werden in der neuen Ausstellung \u201eRESONANZ\u201c in den Festungsanlagen von Pirna fremde und eigene Anteileunseres Wesens aufzeigen. Wir erhalten Ankl\u00e4nge zu unserem eigenen Befinden und erfahren von unseren unbewussten seelischen Aspekten. Dabei laden die Skulpturen, Objekte, Installationen manchmal selbst ein,sie zu ber\u00fchren, um selbst ber\u00fchrt zu werden.<\/p>\n\n\n\n<p>Eine F\u00fchrung mit der Kuratorin&nbsp;Christiane Stoebe<\/p>\n\n\n\n<p>Treffpunkt: Schlossterrasse Pirna\u2013Sonnenstein<\/p>\n\n\n\n<p>(Dauer ca. 90 Minuten \/ Eintritt)<\/p>\n\n\n\n<p><strong>2024<\/strong><\/p>\n\n\n\n<p><strong>Montag, den 22. Januar 2024, <\/strong>18 Uhr,Kuratorium Altstadt Pirna<br>Dr. phil. Axel Sch\u00f6ne (Dresden)<\/p>\n\n\n\n<p><em>\u201eDionysos und Ariadne \u2013 ein unterhaltsamer Bilder-Streifzug durch mythologische Darstellungen\u201c<\/em><\/p>\n\n\n\n<p>Der Wein-Gott Dionysos (Bacchus) und seine munteren Begleiter, die Satyrn und M\u00e4naden, verk\u00f6rpern elementare Naturkraft, Leidenschaft und Sinnenfreude<br><\/p>\n\n\n\n<p><strong>Montag, den 25. M\u00e4rz 2024, <\/strong>18 Uhr<strong>, <\/strong>Stadtmuseum PirnaProf. Helmut Heinze (Dresden)<\/p>\n\n\n\n<p><em>\u201eFIGUR &amp; FIGURINE\u201c &#8211; <\/em>Ein Rundgang durch eine Ausstellung mit Bildern und vielen Geschichten<\/p>\n\n\n\n<p>Im vergangenen Jahr konnten Helmut Heinze und seine Frau Erika ihren 90. bzw. 95. Geburtstag mit einer besonderen und sehr umfangreichen Ausstellung in der Osts\u00e4chsischen Kunsthalle in Pulsnitz begehen.<\/p>\n\n\n\n<p><strong>Montag, den 29. April 2024, <\/strong>18 Uhr, Kuratorium Altstadt Pirna<br>Dr. phil. Anke Fr\u00f6hlich-Schauseil (Dresden)<\/p>\n\n\n\n<p><em>\u201eVielfalt der Stile\u201c<\/em><\/p>\n\n\n\n<p>Schulen, K\u00fcnstlergruppen, Handschriften in der Landschaftsmalerei des sp\u00e4ten 19. Jahrhunderts Im Verlauf des langen Jahrhunderts entstand eine F\u00fclle von Stilen, die die Sicht auf die Welt, auf Landschaft und unsere nat\u00fcrliche Umgebung bis heute mitbestimmt.<\/p>\n\n\n\n<p><strong>Montag, den 28. Oktober 2024,<\/strong> 18 Uhr, Stadtmuseum Pirna<br>Maren Marzilger (Dresden)<\/p>\n\n\n\n<p><em>\u201eTopographie der Sehnsucht\u201c &#8211; <\/em>Auf den Spuren Caspar-David-Friedrichs<\/p>\n\n\n\n<p>Kuratorinnenf\u00fchrung durch die Ausstellung im C.-D.-Friedrich-Jahr mit zeitgen\u00f6ssischen regionalen K\u00fcnstlerinnen und K\u00fcnstlern.<\/p>\n\n\n\n<p><strong>Montag, den 25. November 2024<\/strong>, 18 Uhr, Kuratorium Altstadt Pirna<br>Dr. phil. Axel Sch\u00f6ne (Dresden)<\/p>\n\n\n\n<p><em>\u201eWegweisende Kunststr\u00f6mungen in der europ\u00e4ischen Malerei des 19. Jahrhunderts: Romantik, Realismus, Pleinairismus, Impressionismus, Symbolismus\u201c<\/em><\/p>\n\n\n\n<p>K\u00fcnstler wie C. D. Friedrich, Goya, Delacroix, Courbet, Repin und Menzel, aber ebenso Manet, Monet sowie Cezanne und van Gogh stehen mit ihrem Werk beispielhaft f\u00fcr diese Zeit.<\/p>\n\n\n\n<p>SONDERVERANSTALTUNGEN<\/p>\n\n\n\n<p><strong>Sonntag, den 23. Juni 2024<\/strong>, 15 Uhr, Stadtmuseum Pirna<\/p>\n\n\n\n<p>Kunstgespr\u00e4ch zur Finissage der Ausstellung<\/p>\n\n\n\n<p><em>\u201eSTEIN BRUCH ZEIT \u2013 50 Jahre Berliner Bildhauersymposium im Steinbruch Reinhardtsdorf\u201c<\/em><\/p>\n\n\n\n<p>mit den Bildhauerinnen Marguerite Blume-C\u00e1rdenas (Berlin), Ursula G\u00fcttsches (Dresden) u.a.<\/p>\n\n\n\n<p>Moderation durch den K\u00fcnstler Detlef Schweiger (Dresden).<\/p>\n\n\n\n<p>Das Stadtmuseum zeigt exemplarisch Skulpturen und Arbeiten auf Papier von 15 K\u00fcnstler*innen, die w\u00e4hrend der Bildhauersymposien im Steinbruch Reinhardtsdorf entstanden sind. Begleitend zur Ausstellung wird die langj\u00e4hrige Organisatorin des Symposiums Marguerite Blume-C\u00e1rdenas zur Entstehung und Geschichte dieser Veranstaltung Auskunft geben. Es werden noch weitere ausstellende K\u00fcnstler*innen anwesend sein.<\/p>\n\n\n\n<p>(Dauer ca. 90 Minuten \/&nbsp;Eintritt)<\/p>\n\n\n\n<p><strong>im August 2024<\/strong>, genauer Termin wird noch bekannt gegeben,<br>HfBK\/Br\u00fchlsche Terrasse \u2013 Dresden<\/p>\n\n\n\n<p>\u201eDiplomanden \u2013 Ausstellung der Hochschule f\u00fcr Bildende K\u00fcnste Dresden\u201c<\/p>\n\n\n\n<p>Eine F\u00fchrung mit Detlef Schweiger (Dresden)<\/p>\n\n\n\n<p>(Dauer ca. 90 Minuten \/&nbsp;Eintritt)<\/p>\n\n\n\n<p><strong>Montag, den 30. September 2024,<\/strong> 17.00 Uhr, Bastion\/Schlossterrasse Pirna\u2013Sonnenstein<\/p>\n\n\n\n<p><em>\u201eSkulpturensommer 2024 \u2013 Haltungen im Dialog\u201c<\/em><\/p>\n\n\n\n<p>Junge K\u00fcnstlerInnen aus Tschechien und Deutschland werden raumbezogene Arbeiten zum Thema Haltungen zeigen und sie in einem Dialog zu klassischen, fig\u00fcrlichen Arbeiten pr\u00e4sentieren. Neben Ausdrucksformen der Figur werden Interventionen und performative Arbeiten zu sehen sein.<\/p>\n\n\n\n<p>Eine F\u00fchrung mit der Kuratorin Christiane Stoebe.<\/p>\n\n\n\n<p>(Dauer ca. 90 Minuten \/&nbsp;Eintritt)<\/p>\n\n\n\n<p><\/p>\n","protected":false},"excerpt":{"rendered":"<p>Meilensteine der Kunstgeschichte &#8211; Eine Vortragsreihe des \u201eMal- und Zeichenzirkel\/Pirna Sonnenstein e.V.\u201c Mit freundlicher Unterst\u00fctzung der Gro\u00dfen Kreisstadt Pirna sowie demVerein \u201eKuratorium Pirna Altstadt e.V.\u201c Die Vortr\u00e4ge finden im Veranstaltungsraum des Vereins \u201eKuratorium Pirna Altstadt e.V.\u201c Kirchplatz 10, 01796 Pirna, jeweils 18.00 Uhr statt. 2026 Montag, den 23. Februar 2026 Dr. Axel Sch\u00f6ne (Dresden) \u201eAntikensehnsucht [&hellip;]<\/p>\n","protected":false},"author":2,"featured_media":0,"parent":0,"menu_order":4,"comment_status":"closed","ping_status":"closed","template":"","meta":{"footnotes":""},"class_list":["post-60","page","type-page","status-publish","hentry"],"blocksy_meta":[],"_links":{"self":[{"href":"https:\/\/www.zeichenzirkelpirna.de\/index.php\/wp-json\/wp\/v2\/pages\/60","targetHints":{"allow":["GET"]}}],"collection":[{"href":"https:\/\/www.zeichenzirkelpirna.de\/index.php\/wp-json\/wp\/v2\/pages"}],"about":[{"href":"https:\/\/www.zeichenzirkelpirna.de\/index.php\/wp-json\/wp\/v2\/types\/page"}],"author":[{"embeddable":true,"href":"https:\/\/www.zeichenzirkelpirna.de\/index.php\/wp-json\/wp\/v2\/users\/2"}],"replies":[{"embeddable":true,"href":"https:\/\/www.zeichenzirkelpirna.de\/index.php\/wp-json\/wp\/v2\/comments?post=60"}],"version-history":[{"count":79,"href":"https:\/\/www.zeichenzirkelpirna.de\/index.php\/wp-json\/wp\/v2\/pages\/60\/revisions"}],"predecessor-version":[{"id":4012,"href":"https:\/\/www.zeichenzirkelpirna.de\/index.php\/wp-json\/wp\/v2\/pages\/60\/revisions\/4012"}],"wp:attachment":[{"href":"https:\/\/www.zeichenzirkelpirna.de\/index.php\/wp-json\/wp\/v2\/media?parent=60"}],"curies":[{"name":"wp","href":"https:\/\/api.w.org\/{rel}","templated":true}]}}